293.
3, 101, 204331
List the prime factors of 8523695.
5, 41, 41579
What are the prime factors of 747205015?
5, 149441003
What are the prime factors of 20050210?
2, 5, 2005021
What are the prime factors of 143031249?
3, 15892361
List the prime factors of 20581503.
3, 19, 29, 12451
What are the prime factors of 1077608348?
2, 79, 3410153
What are the prime factors of 87768674?
2, 7, 29, 216179
List the prime factors of 1670568.
2, 3, 47, 1481
What are the prime factors of 205543278?
2, 3, 1151, 3307
List the prime factors of 134837200.
2, 5, 17, 79, 251
List the prime factors of 54774.
2, 3, 17, 179
What are the prime factors of 92830433?
92830433
List the prime factors of 1687833819.
3, 7, 3229, 8297
What are the prime factors of 32452479?
3, 29, 124339
List the prime factors of 32902656.
2, 3, 31, 691
List the prime factors of 21915750.
2, 3, 5, 29221
List the prime factors of 1047822282.
2, 3, 13, 4477873
What are the prime factors of 159308592?
2, 3, 3318929
What are the prime factors of 168194645?
5, 3373, 9973
List the prime factors of 108273066.
2, 3, 11, 29, 56569
List the prime factors of 416434499.
13, 17, 41, 45959
List the prime factors of 231660768.
2, 3, 17, 19, 31, 241
List the prime factors of 275366321.
37, 7442333
What are the prime factors of 151071224?
2, 41, 227, 2029
What are the prime factors of 911100030?
2, 3, 5, 1231, 24671
What are the prime factors of 20527048?
2, 2565881
List the prime factors of 133505370.
2, 3, 5, 1483393
What are the prime factors of 860944881?
3, 15647, 18341
What are the prime factors of 2261670382?
2, 1130835191
What are the prime factors of 57321359?
23, 227, 10979
What are the prime factors of 265202401?
265202401
List the prime factors of 191677282.
2, 19, 257, 1033
List the prime factors of 49592275.
5, 109, 18199
What are the prime factors of 23101390?
2, 5, 13, 83, 2141
List the prime factors of 176388597.
3, 7, 11, 857
What are the prime factors of 280204746?
2, 3, 53, 881147
What are the prime factors of 3663548916?
2, 3, 19, 43, 433, 863
What are the prime factors of 44706848?
2, 19, 23, 139
List the prime factors of 1826820186.
2, 3, 59, 5160509
List the prime factors of 33722231.
71, 211, 2251
List the prime factors of 135879296.
2, 7, 151651
List the prime factors of 869821421.
7, 4679, 26557
What are the prime factors of 1239554616?
2, 3, 51648109
List the prime factors of 135728589.
3, 23, 997, 1973
List the prime factors of 186367908.
2, 3, 31, 227, 2207
What are the prime factors of 2763918046?
2, 421, 3282563
List the prime factors of 3015821725.
5, 7, 17233267
List the prime factors of 116542512.
2, 3, 809323
List the prime factors of 766213281.
3, 193, 441113
List the prime factors of 703034368.
2, 31, 22147
What are the prime factors of 84602611?
19, 4452769
List the prime factors of 136445826.
2, 3, 11, 97, 21313
What are the prime factors of 15674183?
7, 19, 117851
What are the prime factors of 95169304?
2, 2297, 5179
List the prime factors of 85095394.
2, 2221, 19157
List the prime factors of 52921138.
2, 26460569
What are the prime factors of 5005290?
2, 3, 5, 166843
List the prime factors of 1110132763.
43, 2459, 10499
What are the prime factors of 47419645?
5, 7, 13, 89, 1171
What are the prime factors of 409093579?
19, 151, 142591
List the prime factors of 137192228.
2, 59, 581323
What are the prime factors of 17564570?
2, 5, 17, 277, 373
What are the prime factors of 622553636?
2, 73, 2132033
List the prime factors of 127322297.
97, 1312601
List the prime factors of 3212825472.
2, 3, 23, 499
List the prime factors of 206806160.
2, 5, 11, 235007
What are the prime factors of 1826320131?
3, 83, 2444873
List the prime factors of 22164352.
2, 7, 29, 853
What are the prime factors of 3026237619?
3, 53, 173, 110017
What are the prime factors of 3503665048?
2, 13, 17, 1981711
List the prime factors of 14577842.
2, 151, 48271
What are the prime factors of 91534683?
3, 3343, 9127
What are the prime factors of 2362388470?
2, 5, 13, 181, 7723
What are the prime factors of 1161110787?
3, 29, 13346101
What are the prime factors of 112500526?
2, 17, 659, 5021
List the prime factors of 45533045.
5, 29, 314021
What are the prime factors of 32512033?
32512033
What are the prime factors of 635755724?
2, 191, 832141
List the prime factors of 452664137.
452664137
List the prime factors of 216703701.
3, 1399, 5737
List the prime factors of 14747640.
2, 3, 5, 59, 2083
List the prime factors of 5174043.
3, 7, 37, 6659
What are the prime factors of 569400221?
13, 157, 278981
List the prime factors of 10643783.
29, 367027
What are the prime factors of 384701324?
2, 7, 101, 136033
What are the prime factors of 446795390?
2, 5, 44679539
What are the prime factors of 1342236887?
17, 78955111
List the prime factors of 231614389.
19, 12190231
List the prime factors of 6832024327.
26357, 259211
List the prime factors of 804141848.
2, 83, 1211057
List the prime factors of 1832684742.
2, 3, 7, 14545117
List the prime factors of 61990954.
2, 97, 319541
What are the prime factors of 294542561?
17, 43, 47, 8573
List the prime factors of 5158833758.
2, 13, 53, 3743711
What are the prime factors of 67621292?
2, 31, 443, 1231
What are the prime factors of 200160097?
200160097
List the prime factors of 4382252136.
2, 3, 353, 172421
List the prime factors of 2185028615.
5, 7, 11, 17, 53, 6299
List the prime factors of 3378001657.
11549, 292493
List the prime factors of 28808078.
2, 13, 29, 2939
What are the prime factors of 2574510116?
2, 643627529
List the prime factors of 144053255.
5, 23, 457, 2741
What are the prime factors of 1092709930?
2, 5, 13, 8405461
List the prime factors of 66312179.
66312179
List the prime factors of 3045803783.
11, 97, 2854549
What are the prime factors of 102877795?
5, 17, 149, 8123
What are the prime factors of 1311219907?
97, 13517731
What are the prime factors of 256809169?
256809169
List the prime factors of 345118553.
13, 59, 449959
What are the prime factors of 260180417?
7, 79, 470489
List the prime factors of 2798845069.
67, 41773807
What are the prime factors of 93630758?
2, 13, 59, 67, 911
List the prime factors of 24601444.
2, 7, 23, 38201
List the prime factors of 45525693.
3, 15175231
List the prime factors of 51370069.
31, 1657099
What are the prime factors of 50270141?
41, 1226101
What are the prime factors of 49996457?
7, 23, 193, 1609
What are the prime factors of 601740909?
3, 7, 11, 868313
List the prime factors of 660715903.
29, 257, 88651
What are the prime factors of 4504235991?
3, 167, 1861, 4831
List the prime factors of 831846436.
2, 31, 6708439
What are the prime factors of 743522?
2, 13, 28597
What are the prime factors of 15096667?
181, 83407
List the prime factors of 35460412.
2, 13, 681931
List the prime factors of 71969266.
2, 4253, 8461
List the prime factors of 3106214221.
11, 19, 14862269
What are the prime factors of 103588216?
2, 12948527
List the prime factors of 48619177.
48619177
List the prime factors of 54271601.
757, 71693
What are the prime factors of 687210211?
151, 4551061
What are the prime factors of 65280063?
3, 43, 506047
List the prime factors of 55910800.
2, 5, 11, 97, 131
What are the prime factors of 210048474?
2, 3, 35008079
List the prime factors of 144860140.
2, 5, 7243007
What are the prime factors of 586576335?
3, 5, 157, 233, 1069
What are the prime factors of 696001769?
29, 797, 30113
List the prime factors of 444801363.
3, 79, 281, 6679
What are the prime factors of 39611499?
3, 13203833
What are the prime factors of 54363232?
2, 7, 11, 22063
List the prime factors of 22472625.
3, 5, 7, 1223
List the prime factors of 715456638.
2, 3, 13, 37747
What are the prime factors of 6363089?
6363089
List the prime factors of 3312804.
2, 3, 11, 25097
What are the prime factors of 44801268?
2, 3, 73, 199, 257
What are the prime factors of 526223665?
5, 11, 9567703
List the prime factors of 68411570.
2, 5, 17, 103, 3907
What are the prime factors of 84421406?
2, 42210703
List the prime factors of 618552706.
2, 309276353
List the prime factors of 52154088.
2, 3, 7, 19, 16339
What are the prime factors of 1222107152?
2, 7, 17, 641863
List the prime factors of 6219470.
2, 5, 223, 2789
List the prime factors of 54548667.
3, 20